*t(n). Calculate q(-3).
-9
Let q(y) = -y**3 - 6*y - 8*y**2 - 10*y**2 + 3 + 21*y**2 + 2*y**3. Determine q(-5).
-17
Let q be ((-4)/(-10))/((-5)/(-25)). Let g(c) = 33 - c**q + 6*c - 13 - 15. Determine g(6).
5
Let b(s) = -5*s**3 - 23*s**2 - 37*s + 24. Let l(n) = 6*n**3 + 23*n**2 + 41*n - 25. Let j(k) = 5*b(k) + 4*l(k). Determine j(-22).
-2
Let b(w) = -13 + 19 - 3*w - 9 - w**2. Give b(-3).
-3
Let y(d) = -d**2 - 5*d - 2. Suppose 3*o - 124*k + 24 = -127*k, 4*o - 2*k + 8 = 0. Give y(o).
2
Let z(g) be the second derivative of g**3/3 + 5*g**2/2 + 10*g + 9. Calculate z(6).
17
Let o(i) = i**2 + 4. Suppose 8*s + 90 = 3*s. Let v = s - -18. What is o(v)?
4
Let j be 6*(-5)/(-30) + (17 - 1). Let y(k) = -k**2 + 16*k + 19. Let o be y(j). Let b(q) = -5*q**2 - 1 + 2*q + 3*q**2 - 4*q**3 + 5*q**3. Determine b(o).
3
Let v = 424 + -420. Let c(z) = z**3 - 5*z**2 + 2*z - 5. Give c(v).
-13
Let u(l) = 2*l + 4 + 34*l**3 + 5*l**2 - 33*l**3 + 0*l. Let z = 33 + -20. Let f = z + -18. Give u(f).
-6
Let c(l) = -7*l. Suppose 3*r + 0*r + 6 = 0. Let i = r - -2. Suppose 2*s = -2*v + s + 4, i = -2*s + 4. Determine c(v).
-7
Let a = -1756 + 1761. Let r(i) = -i**3 + 4*i**2 + 3*i - 5. Give r(a).
-15
Let p be (-11)/(-33)*(6 + 0). Let x(l) = 3 - l - 11 + p + 4*l. Calculate x(4).
6
Let l(y) be the first derivative of -y**3/3 - y**2 - 3*y - 2. Let p(z) = 22*z - 63. Let o be p(3). Calculate l(o).
-18
Let a(y) = y. Let b(g) = 2*g**2 + 6*g - 2. Let j(k) = 5*a(k) - b(k). Let t = 1 - -3. Let i = -6 + t. Determine j(i).
-4
Let b(o) be the third derivative of -o**5/20 + o**2 - 16. Give b(1).
-3
Let l(y) = 13*y**3 + 23*y**2 + 23*y - 51. Let c(u) = 17*u**3 + 23*u**2 + 24*u - 52. Let g(z) = 3*c(z) - 4*l(z). Give g(-22).
4
Let y(k) = k**2 - 5*k - 6. Let z = -19 - -18. Let m be ((-240)/36)/(z/(-3)). Let d be (m/8)/(-1)*2. Determine y(d).
-6
Let i = 712 - 712. Let d(j) = 5*j**2 + j + 7. Let o(t) = -9*t**2 - 2*t - 14. Let k(a) = 11*d(a) + 6*o(a). What is k(i)?
-7
Let u be -21*2/(-12)*2. Let o = -13 + u. Let s(l) = 3*l**2 - 5*l - 5*l**2 - 2*l**2 + 1 - 2*l + 3*l**2. Calculate s(o).
7
Let z(u) = 7*u - 6. Suppose -q - 2 = -x - 6, 8 = -2*q - 2*x. Let s(m) = -2 + q - 6*m + 3 + 4. Let k(n) = 5*s(n) + 4*z(n). Determine k(4).
-7
Let b(g) be the third derivative of -g**6/120 + g**5/15 - g**4/8 - 159*g**2. Let p be (-1 + (-2 - -2))*-2. Calculate b(p).
2
Let w(a) = -2*a**2 - 16*a + 9. Let h(k) = -3*k**2 - 14*k + 9. Let f(q) = 4*h(q) - 5*w(q). Give f(11).
13
Let s(q) = q**3 - 6*q**2 - 8*q + 7. Suppose 9*d - 90 = -9. Suppose -d*y - 10 + 73 = 0. Give s(y).
0
Suppose -3*a + 16 - 7 = 0. Suppose -a*u - 12 = 0, -4*z - 37 + 9 = 5*u. Let k(q) = -7*q - 3. Give k(z).
11
Let q(m) be the third derivative of 1/6*m**3 + 0 - 1/24*m**4 + 30*m**2 + 0*m. Give q(-5).
6
Let p(x) = 2*x - 6. Let v(s) be the first derivative of -2*s**2 - 15*s - 2. Let h be v(-5). Give p(h).
4
Suppose -c + 3*d - 2 = 0, -2*d - 2*d - 24 = -4*c. Let g(h) = h - 4. Determine g(c).
6
Let h(q) = -q**2 - 6*q - 5. Let w = -13 - -17. Let u be 34/8 + 6/8. Suppose 4*d + 10 = -5*z, -w*d - 15 = d + u*z. Give h(d).
0
Suppose -13 = -5*k + 3*w, 0 = 3*w - 4*w + 4. Suppose -21 = k*o - 1. Let v(u) = -u - 1. Give v(o).
3
Suppose 3*t + 14 = 4*v + 39, -t = 5*v + 17. Let y(a) = -10*a - 2. Calculate y(v).
38
Let h(v) = v**3. Let i(u) = -2*u**3 + u**2 - 3*u + 2. Let a(l) = 6*h(l) + i(l). What is a(2)?
32
Let u(k) = k**3 - 9*k**2 + 5*k + 1. Let g be 4 - (-5 - (-6)/6). What is u(g)?
-23
Let l be (-18 + 2)*(-3 + 12/8). Suppose l = -3*c + 39. Let d(r) = 2*r - 2. Calculate d(c).
8
Let l(o) be the third derivative of o**4/6 + o**3/3 + 3*o**2 - 30. Determine l(-3).
-10
Let r(a) = -a**3 + 7*a**2 - 5*a - 5. Let h be 10/(-40) - (-138)/8. Let k = h + -11. Let c be r(k). Let o(y) = 2*y**2 + y - 1. Determine o(c).
2
Let s = -1468 + 1475. Let g(m) be the first derivative of m**4/4 - 2*m**3 - 5*m**2 + 8*m + 1. Give g(s).
-13
Let c(q) = -q + 2. Let s(z) = -2*z + 6. Let f(d) = -5*c(d) + 2*s(d). Give f(3).
5
Suppose -1 = 4*s - 13. Let f(m) = -s + m**3 - 1 + 4*m**2 - m + m - 2*m. Let y be ((-6)/5)/((-6)/(-15)). Give f(y).
11
Let p(f) = -2. Let j(x) = -5*x - 9. Let r(s) = -j(s) + 6*p(s). Calculate r(-6).
-33
Let r(u) be the third derivative of -u**4/12 - 7*u**3/6 + 182*u**2. Determine r(-6).
5
Let n(l) = -47 + 19 - l**3 + 24 - 2*l**2 + 2*l. Give n(-3).
-1
Let x(j) = -j**2 + 10*j - 3. Let k(m) = m**2 - m + 2. Let q be k(0). Suppose -z + q*z = 9. Determine x(z).
6
Let d(o) = 2. Let j(z) = -z**2 - 8*z + 4. Let n(r) = -4*d(r) - j(r). Give n(-9).
-3
Let r = -19 - -14. Let v = r + 8. Let l(s) = 11*s**v - 10*s**3 - 4*s**3. Give l(1).
-3
Suppose 0 = 4*i - 3*j + 248, 179 = -0*i - 3*i + 4*j. Let a be (-3)/(15/i) + -5. Let t(o) = o**3 - 8*o**2 + o + 7. Calculate t(a).
15
Let c(b) = -7*b**2 + 13*b + 1. Let g(f) = -6*f**2 + 12*f. Let u(k) = -5*c(k) + 6*g(k). What is u(7)?
-5
Let t(y) = -y. Let o(p) = 2*p + 15. Let m(a) = -o(a) - 6*t(a). Calculate m(5).
5
Let w(b) = -b**3 + 7*b**2 + 8*b - 2. Let v(l) = l**3 - 7*l**2 - 8*l + 3. Let d(q) = -5*v(q) - 4*w(q). Determine d(8).
-7
Let f(p) = p**2 + 0*p + 0*p**2 - 18 + 24 + 3*p. Suppose -15*a = -19*a - 20. What is f(a)?
16
Let h(n) = n**3 - 2*n - 1. Suppose -4*s = -2*z + 116, 2*s - 2*z + 74 = -5*z. Let m = s - -29. What is h(m)?
-5
Suppose 5*r - 6 - 9 = 0. Let f(y) = -15*y + 6. Let u(b) = -3*b + 1. Let a(o) = -f(o) + 6*u(o). What is a(r)?
-9
Let p(d) = -d**3 - d**2 + d + 4. Let q(r) = -11*r - 382. Let u be q(-35). Calculate p(u).
-29
Let g(c) = c**3 - c. Let d(t) = -5*t**3 + 6*t - 1. Let z(v) = -d(v) - 4*g(v). What is z(-3)?
-20
Let j(u) = -14*u + 50. Let i(r) = 5*r - 17. Let l(o) = 17*i(o) + 6*j(o). Let b be l(-17). Let p(h) = -h**3 - 6*h**2 + h + 8. What is p(b)?
2
Let z(t) = 0*t**3 - 1783*t + 1767*t + 10*t**2 - t**3. Determine z(8).
0
Let k be (-2540)/762*3/2. Let z = -20 + 12. Let b(q) = 3*q**2 - 8*q - 11. Let u(s) = 5*s**2 - 12*s - 17. Let r(m) = z*b(m) + 5*u(m). Determine r(k).
8
Let q(p) be the second derivative of 5/6*p**3 + 0 + 1/12*p**4 - 9*p - 9/2*p**2. What is q(-7)?
5
Suppose l = -4*l + 10. Let c(f) = 3*f**3 - 3*f**l - 26*f + f**3 + 3 - 5*f**3 + 27*f. Determine c(-3).
0
Let r be 4 + (-2 - -5) + -9. Let j = 9 + r. Let q be (-3 + 8)/(j/7). Let x(m) = m**2 - 4*m. Give x(q).
5
Let u(o) = 6*o**3 + 5*o + 4. Let b(r) = 12*r**3 - r**2 + 9*r + 7. Let v(g) = 4*b(g) - 7*u(g). Let d(k) = k**3. Let p(s) = 5*d(s) - v(s). What is p(4)?
-4
Let l(o) be the third derivative of o**6/120 - o**5/30 - o**4/8 + o**3/2 - 275*o**2. Determine l(4).
23
Let u(c) = 2 - 6*c**2 - 2 - 2*c**2. Let a be (-4 + -6)/(-5)*(-1)/(-2). Determine u(a).
-8
Let f(i) = i**2 + 8*i - 2. Suppose 11*v + 398 = 321. What is f(v)?
-9
Let k(p) = p**3 + 33*p**2 - 35*p - 38. Let f be k(-34). Let a(i) be the second derivative of -i**4/12 - 2*i**3/3 - 3*i**2/2 + 2*i. Calculate a(f).
-3
Let s(k) = -k**3 + 13*k**2 + 29*k + 17. Let r(c) = -7*c - 27. Let w be r(-6). Let v be s(w). Let z(g) = g**2 - 3*g. Calculate z(v).
-2
Let g(w) = -w**3 + 3*w**2 + 2*w - 2. Let x(a) = -2*a - 3. Let d be x(-2). Let s be d + (-3 - -9)/3. Suppose 7*h = s*h + 12. Calculate g(h).
4
Suppose 0 = -5*s + 4*k + 10, -2*s + 2*k = -4. Let b(y) = -7*y - 1 + 4*y - y**3 + 0*y**2 + 3 - 4*y**s. Calculate b(-3).
2
Let v(m) = -m - 1. Let b(k) = -2*k**3 + 2*k**2 + k + 2. Let n be b(2). Let z(l) = 21 - 25 + 5*l + l**2 + 2. Let q be z(n). What is v(q)?
5
Suppose 213 = 3*x + 48. Let b = 56 - x. Let z(c) = -5*c + 1. Determine z(b).
-4
Let v(i) = 6*i - 6. Let t(x) = 1. Let g(w) = 6*t(w) + v(w). Let r = -58 - -56. Calculate g(r).
-12
Let h(q) = -3*q + 65. Let v(n) = -2*n + 44. Let l(u) = -5*h(u) + 8*v(u). Give l(23).
4
Suppose g - 11 = -2*t, -2*t - 14 = -g - 5*t. Let r(y) = -y**2 + 6*y - 10. Give r(g).
-5
Let u(y) = 28*y**3 + 1. Let k be (-8 - -2) + -3 + -1. Let x = k - -9. Give u(x).
-27
Suppose 2*x - 3*x = -78. Let d(c) = -39*c - 36*c + x*c + 3. What is d(-4)?
-9
Let b(k) = k**3 + 6*k**2 + 3*k + 17. Let l be b(-6). Let m = 0 + 2. Let n(d) = 1 + d - 4*d**2 - d**2 - 4*d**m. Calculate n(l).
-9
Suppose -7 = 5*p - 2. Let j(u) = u + 1. Suppose -3*f = 24 - 12. Let q(a) = 5*a + 5. Let y(b) = f*j(b) + q(b). What is y(p)?
0
Let y(z) = -z**3 - 2*z**2 - z. Let f(m) = -m**2 - 2*m + 7. Let s be f(-6). Let o = -18 - s. Determine y(o).
0
Let r(l) = -l - 23. Let g = -31 - -